{"id":430,"date":"2022-12-27T10:03:11","date_gmt":"2022-12-27T09:03:11","guid":{"rendered":"https:\/\/masterstp-univ-tlse3.fr\/?page_id=430"},"modified":"2022-12-27T16:16:26","modified_gmt":"2022-12-27T15:16:26","slug":"actualites","status":"publish","type":"page","link":"https:\/\/masterstp-univ-tlse3.fr\/index.php\/actualites\/","title":{"rendered":"Actualit\u00e9s"},"content":{"rendered":"\n<div class=\"wp-block-query is-layout-flow wp-block-query-is-layout-flow\"><\/div>\n\n\n\n<div class=\"wp-block-query is-layout-flow wp-block-query-is-layout-flow\"><ul class=\"is-flex-container columns-3 wp-block-post-template is-layout-flow wp-block-post-template-is-layout-flow\"><li class=\"wp-block-post post-428 post type-post status-publish format-standard hentry category-actualite\">\n<h2 class=\"wp-block-post-title\">Attention : inscriptions 2022-2023 !<\/h2>\n\n<div class=\"wp-block-post-date\"><time datetime=\"2022-04-20T15:04:00+02:00\">20 avril 2022<\/time><\/div>\n\n<div class=\"wp-block-post-excerpt\"><p class=\"wp-block-post-excerpt__excerpt\">Pour la rentr\u00e9e prochaine (2022-2023), le parcours Sciences et Technologies des Plasmas passe de la mention EEA \u00e0 la mention Energie. Pour candidater officiellement via la plateforme&nbsp;ecandidat, il faudra donc chercher dans la mention Energie. Le contenu de la formation ne change quasiment pas et reste bien \u00e9videmment ax\u00e9 sur les plasmas et leurs applications.Attention\u2026 <\/p><\/div>\n<\/li><li class=\"wp-block-post post-418 post type-post status-publish format-standard hentry category-actualite\">\n<h2 class=\"wp-block-post-title\">Les candidatures pour 2022-2023 sont ouvertes !<\/h2>\n\n<div class=\"wp-block-post-date\"><time datetime=\"2022-02-01T15:06:00+01:00\">1 f\u00e9vrier 2022<\/time><\/div>\n\n<div class=\"wp-block-post-excerpt\"><p class=\"wp-block-post-excerpt__excerpt\">Les \u00e9tudiants int\u00e9ress\u00e9s peuvent d&rsquo;ores et d\u00e9j\u00e0&nbsp;d\u00e9poser leurs candidatures en utilisant le lien \u00ab\u00a0Candidater\u00a0\u00bb du bandeau de la page d&rsquo;accueil. Cette \u00e9tape est uniquement une pr\u00e9-inscription afin de faire la selection des \u00e9tudiants pour le parcours franco-qu\u00e9b\u00e9cois. Elle ne dispense absolument de la phase d&rsquo;inscription \u00e0 l&rsquo;Universit\u00e9 Paul Sabatier qui sera courant mai. Merci de\u2026 <\/p><\/div>\n<\/li><li class=\"wp-block-post post-408 post type-post status-publish format-standard hentry category-actualite\">\n<h2 class=\"wp-block-post-title\">D\u00e9j\u00e0 6 ans &#8230;<\/h2>\n\n<div class=\"wp-block-post-date\"><time datetime=\"2022-02-01T15:03:00+01:00\">1 f\u00e9vrier 2022<\/time><\/div>\n\n<div class=\"wp-block-post-excerpt\"><p class=\"wp-block-post-excerpt__excerpt\">La premi\u00e8re rentr\u00e9e \u00e0 eu lieu en septembre 2016, nous sommes donc d\u00e9j\u00e0 en train de former la sixi\u00e8me promotion !Cela va aussi marquer un tournant avec un changement majeur l&rsquo;ann\u00e9e prochaine puisque le parcours basculera dans la nouvelle mention Energie de l&rsquo;Universit\u00e9 Toulouse III &#8211; Paul Sabatier. Il y aura \u00e9galement quelques changements sur\u2026 <\/p><\/div>\n<\/li><\/ul>\n\n<nav class=\"wp-block-query-pagination is-layout-flex wp-block-query-pagination-is-layout-flex\" aria-label=\"Pagination\">\n\n\n<div class=\"wp-block-query-pagination-numbers\"><span aria-current=\"page\" class=\"page-numbers current\">1<\/span>\n<a class=\"page-numbers\" href=\"?query-2-page=2\">2<\/a>\n<a class=\"page-numbers\" href=\"?query-2-page=3\">3<\/a>\n<span class=\"page-numbers dots\">\u2026<\/span>\n<a class=\"page-numbers\" href=\"?query-2-page=6\">6<\/a><\/div>\n\n<a href=\"\/index.php\/wp-json\/wp\/v2\/pages\/430?query-2-page=2\" class=\"wp-block-query-pagination-next\">Page suivante<\/a>\n<\/nav>\n\n<\/div>\n","protected":false},"excerpt":{"rendered":"","protected":false},"author":1,"featured_media":0,"parent":0,"menu_order":0,"comment_status":"closed","ping_status":"closed","template":"blog","meta":{"footnotes":""},"class_list":["post-430","page","type-page","status-publish","hentry"],"yoast_head":"<!-- This site is optimized with the Yoast SEO plugin v27.4 - https:\/\/yoast.com\/product\/yoast-seo-wordpress\/ -->\n<title>Actualit\u00e9s - Sciences et Technologies des Plasmas (STP)<\/title>\n<meta name=\"robots\" content=\"index, follow, max-snippet:-1, max-image-preview:large, max-video-preview:-1\" \/>\n<link rel=\"canonical\" href=\"https:\/\/masterstp-univ-tlse3.fr\/index.php\/actualites\/\" class=\"yoast-seo-meta-tag\" \/>\n<link rel=\"next\" href=\"https:\/\/masterstp-univ-tlse3.fr\/index.php\/actualites\/430?query-2-page=2\" class=\"yoast-seo-meta-tag\" \/>\n<meta property=\"og:locale\" content=\"fr_FR\" class=\"yoast-seo-meta-tag\" \/>\n<meta property=\"og:type\" content=\"article\" class=\"yoast-seo-meta-tag\" \/>\n<meta property=\"og:title\" content=\"Actualit\u00e9s - Sciences et Technologies des Plasmas (STP)\" class=\"yoast-seo-meta-tag\" \/>\n<meta property=\"og:url\" content=\"https:\/\/masterstp-univ-tlse3.fr\/index.php\/actualites\/\" class=\"yoast-seo-meta-tag\" \/>\n<meta property=\"og:site_name\" content=\"Sciences et Technologies des Plasmas (STP)\" class=\"yoast-seo-meta-tag\" \/>\n<meta property=\"article:modified_time\" content=\"2022-12-27T15:16:26+00:00\" class=\"yoast-seo-meta-tag\" \/>\n<meta name=\"twitter:card\" content=\"summary_large_image\" class=\"yoast-seo-meta-tag\" \/>\n<meta name=\"twitter:site\" content=\"@master_stp\" class=\"yoast-seo-meta-tag\" \/>\n<script type=\"application\/ld+json\" class=\"yoast-schema-graph\">{\"@context\":\"https:\\\/\\\/schema.org\",\"@graph\":[{\"@type\":\"WebPage\",\"@id\":\"https:\\\/\\\/masterstp-univ-tlse3.fr\\\/index.php\\\/actualites\\\/\",\"url\":\"https:\\\/\\\/masterstp-univ-tlse3.fr\\\/index.php\\\/actualites\\\/\",\"name\":\"Actualit\u00e9s - Sciences et Technologies des Plasmas (STP)\",\"isPartOf\":{\"@id\":\"https:\\\/\\\/masterstp-univ-tlse3.fr\\\/#website\"},\"datePublished\":\"2022-12-27T09:03:11+00:00\",\"dateModified\":\"2022-12-27T15:16:26+00:00\",\"breadcrumb\":{\"@id\":\"https:\\\/\\\/masterstp-univ-tlse3.fr\\\/index.php\\\/actualites\\\/#breadcrumb\"},\"inLanguage\":\"fr-FR\",\"potentialAction\":[{\"@type\":\"ReadAction\",\"target\":[\"https:\\\/\\\/masterstp-univ-tlse3.fr\\\/index.php\\\/actualites\\\/\"]}]},{\"@type\":\"BreadcrumbList\",\"@id\":\"https:\\\/\\\/masterstp-univ-tlse3.fr\\\/index.php\\\/actualites\\\/#breadcrumb\",\"itemListElement\":[{\"@type\":\"ListItem\",\"position\":1,\"name\":\"Accueil\",\"item\":\"https:\\\/\\\/masterstp-univ-tlse3.fr\\\/\"},{\"@type\":\"ListItem\",\"position\":2,\"name\":\"Actualit\u00e9s\"}]},{\"@type\":\"WebSite\",\"@id\":\"https:\\\/\\\/masterstp-univ-tlse3.fr\\\/#website\",\"url\":\"https:\\\/\\\/masterstp-univ-tlse3.fr\\\/\",\"name\":\"Master Sciences et Technologies des Plasmas (STP)\",\"description\":\"Master mention Energie\",\"publisher\":{\"@id\":\"https:\\\/\\\/masterstp-univ-tlse3.fr\\\/#organization\"},\"potentialAction\":[{\"@type\":\"SearchAction\",\"target\":{\"@type\":\"EntryPoint\",\"urlTemplate\":\"https:\\\/\\\/masterstp-univ-tlse3.fr\\\/?s={search_term_string}\"},\"query-input\":{\"@type\":\"PropertyValueSpecification\",\"valueRequired\":true,\"valueName\":\"search_term_string\"}}],\"inLanguage\":\"fr-FR\"},{\"@type\":\"Organization\",\"@id\":\"https:\\\/\\\/masterstp-univ-tlse3.fr\\\/#organization\",\"name\":\"Master Sciences et Technologies des Plasmas (STP)\",\"url\":\"https:\\\/\\\/masterstp-univ-tlse3.fr\\\/\",\"logo\":{\"@type\":\"ImageObject\",\"inLanguage\":\"fr-FR\",\"@id\":\"https:\\\/\\\/masterstp-univ-tlse3.fr\\\/#\\\/schema\\\/logo\\\/image\\\/\",\"url\":\"https:\\\/\\\/masterstp-univ-tlse3.fr\\\/wp-content\\\/uploads\\\/2022\\\/12\\\/11.jpg\",\"contentUrl\":\"https:\\\/\\\/masterstp-univ-tlse3.fr\\\/wp-content\\\/uploads\\\/2022\\\/12\\\/11.jpg\",\"width\":350,\"height\":233,\"caption\":\"Master Sciences et Technologies des Plasmas (STP)\"},\"image\":{\"@id\":\"https:\\\/\\\/masterstp-univ-tlse3.fr\\\/#\\\/schema\\\/logo\\\/image\\\/\"},\"sameAs\":[\"https:\\\/\\\/x.com\\\/master_stp\",\"https:\\\/\\\/www.linkedin.com\\\/groups\\\/12499459\\\/\"]}]}<\/script>\n<!-- \/ Yoast SEO plugin. -->","yoast_head_json":{"title":"Actualit\u00e9s - Sciences et Technologies des Plasmas (STP)","robots":{"index":"index","follow":"follow","max-snippet":"max-snippet:-1","max-image-preview":"max-image-preview:large","max-video-preview":"max-video-preview:-1"},"canonical":"https:\/\/masterstp-univ-tlse3.fr\/index.php\/actualites\/","next":"https:\/\/masterstp-univ-tlse3.fr\/index.php\/actualites\/430?query-2-page=2","og_locale":"fr_FR","og_type":"article","og_title":"Actualit\u00e9s - Sciences et Technologies des Plasmas (STP)","og_url":"https:\/\/masterstp-univ-tlse3.fr\/index.php\/actualites\/","og_site_name":"Sciences et Technologies des Plasmas (STP)","article_modified_time":"2022-12-27T15:16:26+00:00","twitter_card":"summary_large_image","twitter_site":"@master_stp","schema":{"@context":"https:\/\/schema.org","@graph":[{"@type":"WebPage","@id":"https:\/\/masterstp-univ-tlse3.fr\/index.php\/actualites\/","url":"https:\/\/masterstp-univ-tlse3.fr\/index.php\/actualites\/","name":"Actualit\u00e9s - Sciences et Technologies des Plasmas (STP)","isPartOf":{"@id":"https:\/\/masterstp-univ-tlse3.fr\/#website"},"datePublished":"2022-12-27T09:03:11+00:00","dateModified":"2022-12-27T15:16:26+00:00","breadcrumb":{"@id":"https:\/\/masterstp-univ-tlse3.fr\/index.php\/actualites\/#breadcrumb"},"inLanguage":"fr-FR","potentialAction":[{"@type":"ReadAction","target":["https:\/\/masterstp-univ-tlse3.fr\/index.php\/actualites\/"]}]},{"@type":"BreadcrumbList","@id":"https:\/\/masterstp-univ-tlse3.fr\/index.php\/actualites\/#breadcrumb","itemListElement":[{"@type":"ListItem","position":1,"name":"Accueil","item":"https:\/\/masterstp-univ-tlse3.fr\/"},{"@type":"ListItem","position":2,"name":"Actualit\u00e9s"}]},{"@type":"WebSite","@id":"https:\/\/masterstp-univ-tlse3.fr\/#website","url":"https:\/\/masterstp-univ-tlse3.fr\/","name":"Master Sciences et Technologies des Plasmas (STP)","description":"Master mention Energie","publisher":{"@id":"https:\/\/masterstp-univ-tlse3.fr\/#organization"},"potentialAction":[{"@type":"SearchAction","target":{"@type":"EntryPoint","urlTemplate":"https:\/\/masterstp-univ-tlse3.fr\/?s={search_term_string}"},"query-input":{"@type":"PropertyValueSpecification","valueRequired":true,"valueName":"search_term_string"}}],"inLanguage":"fr-FR"},{"@type":"Organization","@id":"https:\/\/masterstp-univ-tlse3.fr\/#organization","name":"Master Sciences et Technologies des Plasmas (STP)","url":"https:\/\/masterstp-univ-tlse3.fr\/","logo":{"@type":"ImageObject","inLanguage":"fr-FR","@id":"https:\/\/masterstp-univ-tlse3.fr\/#\/schema\/logo\/image\/","url":"https:\/\/masterstp-univ-tlse3.fr\/wp-content\/uploads\/2022\/12\/11.jpg","contentUrl":"https:\/\/masterstp-univ-tlse3.fr\/wp-content\/uploads\/2022\/12\/11.jpg","width":350,"height":233,"caption":"Master Sciences et Technologies des Plasmas (STP)"},"image":{"@id":"https:\/\/masterstp-univ-tlse3.fr\/#\/schema\/logo\/image\/"},"sameAs":["https:\/\/x.com\/master_stp","https:\/\/www.linkedin.com\/groups\/12499459\/"]}]}},"_links":{"self":[{"href":"https:\/\/masterstp-univ-tlse3.fr\/index.php\/wp-json\/wp\/v2\/pages\/430","targetHints":{"allow":["GET"]}}],"collection":[{"href":"https:\/\/masterstp-univ-tlse3.fr\/index.php\/wp-json\/wp\/v2\/pages"}],"about":[{"href":"https:\/\/masterstp-univ-tlse3.fr\/index.php\/wp-json\/wp\/v2\/types\/page"}],"author":[{"embeddable":true,"href":"https:\/\/masterstp-univ-tlse3.fr\/index.php\/wp-json\/wp\/v2\/users\/1"}],"replies":[{"embeddable":true,"href":"https:\/\/masterstp-univ-tlse3.fr\/index.php\/wp-json\/wp\/v2\/comments?post=430"}],"version-history":[{"count":3,"href":"https:\/\/masterstp-univ-tlse3.fr\/index.php\/wp-json\/wp\/v2\/pages\/430\/revisions"}],"predecessor-version":[{"id":451,"href":"https:\/\/masterstp-univ-tlse3.fr\/index.php\/wp-json\/wp\/v2\/pages\/430\/revisions\/451"}],"wp:attachment":[{"href":"https:\/\/masterstp-univ-tlse3.fr\/index.php\/wp-json\/wp\/v2\/media?parent=430"}],"curies":[{"name":"wp","href":"https:\/\/api.w.org\/{rel}","templated":true}]}}

Actualités

<div class="wp-block-query is-layout-flow wp-block-query-is-layout-flow"></div>



<div class="wp-block-query is-layout-flow wp-block-query-is-layout-flow"><ul class="is-flex-container columns-3 wp-block-post-template is-layout-flow wp-block-post-template-is-layout-flow"><li class="wp-block-post post-428 post type-post status-publish format-standard hentry category-actualite">
<h2 class="wp-block-post-title">Attention : inscriptions 2022-2023 !</h2>

<div class="wp-block-post-date"><time datetime="2022-04-20T15:04:00+02:00">20 avril 2022</time></div>

<div class="wp-block-post-excerpt"><p class="wp-block-post-excerpt__excerpt">Pour la rentrée prochaine (2022-2023), le parcours Sciences et Technologies des Plasmas passe de la mention EEA à la mention Energie. Pour candidater officiellement via la plateforme&nbsp;ecandidat, il faudra donc chercher dans la mention Energie. Le contenu de la formation ne change quasiment pas et reste bien évidemment axé sur les plasmas et leurs applications.Attention… </p></div>
</li><li class="wp-block-post post-418 post type-post status-publish format-standard hentry category-actualite">
<h2 class="wp-block-post-title">Les candidatures pour 2022-2023 sont ouvertes !</h2>

<div class="wp-block-post-date"><time datetime="2022-02-01T15:06:00+01:00">1 février 2022</time></div>

<div class="wp-block-post-excerpt"><p class="wp-block-post-excerpt__excerpt">Les étudiants intéressés peuvent d&rsquo;ores et déjà&nbsp;déposer leurs candidatures en utilisant le lien « Candidater » du bandeau de la page d&rsquo;accueil. Cette étape est uniquement une pré-inscription afin de faire la selection des étudiants pour le parcours franco-québécois. Elle ne dispense absolument de la phase d&rsquo;inscription à l&rsquo;Université Paul Sabatier qui sera courant mai. Merci de… </p></div>
</li><li class="wp-block-post post-408 post type-post status-publish format-standard hentry category-actualite">
<h2 class="wp-block-post-title">Déjà 6 ans &#8230;</h2>

<div class="wp-block-post-date"><time datetime="2022-02-01T15:03:00+01:00">1 février 2022</time></div>

<div class="wp-block-post-excerpt"><p class="wp-block-post-excerpt__excerpt">La première rentrée à eu lieu en septembre 2016, nous sommes donc déjà en train de former la sixième promotion !Cela va aussi marquer un tournant avec un changement majeur l&rsquo;année prochaine puisque le parcours basculera dans la nouvelle mention Energie de l&rsquo;Université Toulouse III &#8211; Paul Sabatier. Il y aura également quelques changements sur… </p></div>
</li></ul>

<nav class="wp-block-query-pagination is-layout-flex wp-block-query-pagination-is-layout-flex" aria-label="Pagination">


<div class="wp-block-query-pagination-numbers"><span aria-current="page" class="page-numbers current">1</span>
<a class="page-numbers" href="?query-2-page=2">2</a>
<a class="page-numbers" href="?query-2-page=3">3</a>
<span class="page-numbers dots">…</span>
<a class="page-numbers" href="?query-2-page=6">6</a></div>

<a href="/index.php/wp-json/wp/v2/pages/430?query-2-page=2" class="wp-block-query-pagination-next">Page suivante</a>
</nav>

</div>

<!-- This site is optimized with the Yoast SEO plugin v27.4 - https://yoast.com/product/yoast-seo-wordpress/ -->
<title>Actualités - Sciences et Technologies des Plasmas (STP)</title>
<meta name="robots" content="index, follow, max-snippet:-1, max-image-preview:large, max-video-preview:-1" />
<link rel="canonical" href="https://masterstp-univ-tlse3.fr/index.php/actualites/" class="yoast-seo-meta-tag" />
<link rel="next" href="https://masterstp-univ-tlse3.fr/index.php/actualites/430?query-2-page=2" class="yoast-seo-meta-tag" />
<meta property="og:locale" content="fr_FR" class="yoast-seo-meta-tag" />
<meta property="og:type" content="article" class="yoast-seo-meta-tag" />
<meta property="og:title" content="Actualités - Sciences et Technologies des Plasmas (STP)" class="yoast-seo-meta-tag" />
<meta property="og:url" content="https://masterstp-univ-tlse3.fr/index.php/actualites/" class="yoast-seo-meta-tag" />
<meta property="og:site_name" content="Sciences et Technologies des Plasmas (STP)" class="yoast-seo-meta-tag" />
<meta property="article:modified_time" content="2022-12-27T15:16:26+00:00" class="yoast-seo-meta-tag" />
<meta name="twitter:card" content="summary_large_image" class="yoast-seo-meta-tag" />
<meta name="twitter:site" content="@master_stp" class="yoast-seo-meta-tag" />
<script type="application/ld+json" class="yoast-schema-graph">{"@context":"https:\/\/schema.org","@graph":[{"@type":"WebPage","@id":"https:\/\/masterstp-univ-tlse3.fr\/index.php\/actualites\/","url":"https:\/\/masterstp-univ-tlse3.fr\/index.php\/actualites\/","name":"Actualités - Sciences et Technologies des Plasmas (STP)","isPartOf":{"@id":"https:\/\/masterstp-univ-tlse3.fr\/#website"},"datePublished":"2022-12-27T09:03:11+00:00","dateModified":"2022-12-27T15:16:26+00:00","breadcrumb":{"@id":"https:\/\/masterstp-univ-tlse3.fr\/index.php\/actualites\/#breadcrumb"},"inLanguage":"fr-FR","potentialAction":[{"@type":"ReadAction","target":["https:\/\/masterstp-univ-tlse3.fr\/index.php\/actualites\/"]}]},{"@type":"BreadcrumbList","@id":"https:\/\/masterstp-univ-tlse3.fr\/index.php\/actualites\/#breadcrumb","itemListElement":[{"@type":"ListItem","position":1,"name":"Accueil","item":"https:\/\/masterstp-univ-tlse3.fr\/"},{"@type":"ListItem","position":2,"name":"Actualités"}]},{"@type":"WebSite","@id":"https:\/\/masterstp-univ-tlse3.fr\/#website","url":"https:\/\/masterstp-univ-tlse3.fr\/","name":"Master Sciences et Technologies des Plasmas (STP)","description":"Master mention Energie","publisher":{"@id":"https:\/\/masterstp-univ-tlse3.fr\/#organization"},"potentialAction":[{"@type":"SearchAction","target":{"@type":"EntryPoint","urlTemplate":"https:\/\/masterstp-univ-tlse3.fr\/?s={search_term_string}"},"query-input":{"@type":"PropertyValueSpecification","valueRequired":true,"valueName":"search_term_string"}}],"inLanguage":"fr-FR"},{"@type":"Organization","@id":"https:\/\/masterstp-univ-tlse3.fr\/#organization","name":"Master Sciences et Technologies des Plasmas (STP)","url":"https:\/\/masterstp-univ-tlse3.fr\/","logo":{"@type":"ImageObject","inLanguage":"fr-FR","@id":"https:\/\/masterstp-univ-tlse3.fr\/#\/schema\/logo\/image\/","url":"https:\/\/masterstp-univ-tlse3.fr\/wp-content\/uploads\/2022\/12\/11.jpg","contentUrl":"https:\/\/masterstp-univ-tlse3.fr\/wp-content\/uploads\/2022\/12\/11.jpg","width":350,"height":233,"caption":"Master Sciences et Technologies des Plasmas (STP)"},"image":{"@id":"https:\/\/masterstp-univ-tlse3.fr\/#\/schema\/logo\/image\/"},"sameAs":["https:\/\/x.com\/master_stp","https:\/\/www.linkedin.com\/groups\/12499459\/"]}]}</script>
<!-- / Yoast SEO plugin. -->

Actualités - Sciences et Technologies des Plasmas (STP)
